 j and 15?
3
Let c be (-4 - 9)/(3/(-27)). Calculate the greatest common factor of 13 and c.
13
Let c(g) = 23*g - 6. Let m be c(2). What is the greatest common divisor of 5 and m?
5
Let x be 4/(-10) - 2020/(-50). Calculate the highest common factor of x and 8.
8
Suppose 0 = -a + 3*a. Suppose a = m - 2*s - 2, -m - m + 5*s - 1 = 0. What is the greatest common divisor of m and 12?
12
Let q(j) = -30*j + 15. Let f be q(-7). What is the greatest common factor of 45 and f?
45
Let r(q) = -2*q**3 - 10*q**2 + 15*q - 1. Let k be r(-7). What is the highest common divisor of 36 and k?
18
Let t(w) = w**3 + 2*w**2 - 8*w + 9. Let m be t(-4). What is the highest common divisor of m and 81?
9
Suppose -14 = 4*d + 2. Let o be (-2)/d + 46/4. Calculate the greatest common divisor of o and 36.
12
Let q(f) = -f - 19. Let p be q(-9). Let h be (-32)/6*15/p. What is the greatest common factor of 12 and h?
4
Suppose -r - 18 = -3*t - 5*r, r = 4*t - 43. Suppose 0 = 5*o - t*o + 70. Calculate the greatest common divisor of 126 and o.
14
Suppose -3*b + 15 = 0, s - 5*b + 8 + 20 = 0. Let a = 10 + s. Calculate the highest common factor of a and 56.
7
Suppose r - 5 = -0. Let w be r/(0 + (-2)/(-4)). Let m be (2/5)/(1/w). What is the greatest common factor of m and 16?
4
Let w(h) = -h**2 - 11*h - 16. Let i be w(-8). Suppose i + 0 = z. What is the highest common divisor of z and 1?
1
Let k = -3 + 17. Let l(y) = -y**3 - 6*y**2 + 7*y + 4. Let g be l(-7). Suppose 5 = g*o - 3. What is the highest common factor of o and k?
2
Let f(c) = -3*c - 10. Let m be f(-8). What is the greatest common factor of m and 21?
7
Suppose 3*z = 8 + 19. Let x(w) = 1 + 4*w**2 + 3 + 3*w + w**3 + w - 10*w. Let g be x(-5). Calculate the greatest common divisor of g and z.
9
Let i(y) be the third derivative of -y**4/6 - 2*y**3/3 + 6*y**2. Let t be i(-3). What is the greatest common divisor of 56 and t?
8
Let m(f) = 99*f**2 + 2*f - 1. Let h be m(1). Calculate the highest common factor of h and 40.
20
Suppose -3*z + 17 - 1 = -4*h, -5*h - 20 = z. Suppose z*v = 2*v - 36. What is the highest common factor of 27 and v?
9
Let w be -240*6/(5 + -11). What is the greatest common divisor of w and 15?
15
Let z(g) be the first derivative of 4*g**3/3 - g**2/2 + g + 1. Let l be z(2). Let n = 1 + 5. What is the greatest common divisor of n and l?
3
Let q be 44/6 - 4/(-6). Let s = -11 + 19. What is the greatest common factor of q and s?
8
Let d(m) = 5*m**3 - 3*m**2 + 7*m - 3. Let k be d(3). Suppose 0*h - 14 = -h. What is the highest common factor of h and k?
14
Let v be (2/4)/(1/10). Suppose -v*f + 20 = -50. What is the highest common divisor of 126 and f?
14
Suppose 6*k - 3*k = 2*g + 57, 54 = 2*k + 4*g. What is the highest common divisor of 231 and k?
21
Suppose 0 = -6*f - 31 - 11. Suppose 2*v = 3*y + 39, -v = 3*y + y - 3. Let h = v + f. Calculate the highest common factor of h and 16.
8
Let f(z) = z + 13. Let j be f(-5). Calculate the highest common divisor of 88 and j.
8
Let h = 105 + -25. Suppose 0 = 5*t - 84 + 29. Let v be (t - 5)*16/6. Calculate the greatest common divisor of v and h.
16
Let m be 2/8*-2*-6. Suppose -2*l + 4*l = m*d - 260, -l + 365 = 4*d. Suppose -4*g = g - d. What is the greatest common divisor of 6 and g?
6
Let v be 6/27 - (-48)/27. Let b = v + 13. What is the greatest common divisor of b and 5?
5
Let t be (-1*12)/(4/(-2)). Let g be ((-54)/(-21))/(t/42). What is the greatest common factor of g and 144?
18
Let c = 26 + -8. Calculate the greatest common divisor of 27 and c.
9
Suppose -u + 5*f + 2 = f, 2*f = 8. What is the greatest common divisor of 45 and u?
9
Let a be 22/(-1)*(-1)/2. Suppose 0 = f - 6*f - 5, -245 = -2*h + 3*f. Calculate the greatest common divisor of a and h.
11
Let x = -1 - -13. Let g(f) = 3*f**2 - 14. Let h(a) = 5*a**2 - 29. Let l(d) = 7*g(d) - 4*h(d). Let k be l(0). What is the highest common divisor of x and k?
6
Let u(w) = -4*w + 8. Let m be u(0). Calculate the greatest common divisor of m and 52.
4
Suppose -4*g + 414 - 117 = 3*o, -4*g + o + 285 = 0. Suppose -g + 2 = -w. Let j be (-126)/(-24)*(-8)/(-3). What is the highest common divisor of j and w?
14
Let z be (6/(-3))/((-6)/(-3)). Let q(c) = -11*c**3. Let g be q(z). What is the highest common factor of 11 and g?
11
Let k = 388 - 218. Let j be 0 + 0 + (-330)/(-2). Suppose -2*w = 4*c - k, -w = w + 3*c - j. What is the greatest common factor of 15 and w?
15
Let m be (2/7)/(4/28). What is the greatest common divisor of m and 8?
2
Let d(x) = x + 10. Let m be d(7). What is the greatest common divisor of m and 136?
17
Let g = -11 - -45. Suppose 3*x + 5*k = 408, 3*x + 60 - 468 = k. Calculate the greatest common divisor of g and x.
34
Suppose -t = 4*k - 22, -4*t = -0*k + 3*k - 62. Let q = t - -8. What is the greatest common factor of q and 88?
22
Let i(z) = 47*z. Let b be i(1). Let t = 41 + b. What is the greatest common divisor of t and 8?
8
Let w be ((-8)/(-3))/((-26)/117). Let d be 8/4*w/(-2). Calculate the highest common factor of 84 and d.
12
Let s be (-4)/14 + 64/28. Let d be (28/(-21))/((-4)/6). Calculate the greatest common factor of s and d.
2
Let o be 20 + -2 + (2 - 2). Calculate the greatest common divisor of o and 126.
18
Suppose 30 = 5*h - 5*x, 2*h + 4*x = -h + 32. Calculate the highest common divisor of h and 64.
8
Let t = 14 - 6. Suppose -3*x = -4*x + t. What is the highest common divisor of x and 2?
2
Let l(n) = -3*n + 31. Let v be l(0). Let r = -98 - -439. Calculate the greatest common factor of r and v.
31
Let a = -6 - -6. Suppose a = -w + 3*w - 80. What is the greatest common factor of w and 5?
5
Suppose -4*n - 32 = -0*n. Let l be n/(1*2/(-28)). What is the highest common factor of l and 16?
16
Let c(l) = -l**2 - 6*l - 4. Let b be c(-3). Suppose -b*k + 10 = y, -2*y - 7 = -5*k - 27. Calculate the greatest common factor of 5 and y.
5
Let o(u) = 0*u**3 + 6*u**2 + u**3 + 0 + 4 + 2*u. Suppose -3*l = 10 + 2. Let b be o(l). Calculate the highest common divisor of b and 7.
7
Suppose -56 = -3*j + 4*a, 0*j - 38 = -3*j - 5*a. Let m = -2 + 1. Let d be (1 - 9)/(m*1). What is the highest common factor of d and j?
8
Let l(p) = -p**2. Let f be l(0). Let o = f - -2. What is the highest common factor of 6 and o?
2
Let g = -90 + 104. Calculate the greatest common factor of g and 154.
14
Let i(l) = -l**3 - 5*l**2 - 4*l + 4. Let w(k) = -k + 3. Let r be w(7). Let y be i(r). Calculate the highest common factor of 10 and y.
2
Let p(j) = 3*j**2 + j + 2. Let x be p(2). Suppose 0*s + s + r = 181, -5*s + r + 875 = 0. Calculate the greatest common divisor of s and x.
16
Suppose 2*p = -3*h + 16, -2*h + 2*p = 3*p - 9. Suppose h*f + f - 5*n - 2 = 0, 4*f + n = -5. Let l be f*10/1*-2. Calculate the highest common factor of 50 and l.
10
Let z = 6 - 2. Suppose 32 = z*s - 0. Calculate the greatest common divisor of s and 8.
8
Let w be (-3)/7 + (-2118)/(-42). Calculate the greatest common factor of 20 and w.
10
Let y be 1 + -1 + 2 + 0. Suppose 5*w - y*d - 30 = 5, 10 = 2*d. Calculate the greatest common divisor of w and 18.
9
Suppose 0*o - 2*o - 12 = 0. Let c(s) = -s**3 - 6*s**2 - 3*s + 6. Let m be c(o). Suppose 4*p = m - 8. What is the highest common factor of 12 and p?
4
Suppose 25*o - 81 = 22*o. Calculate the greatest common divisor of o and 3.
3
Let s = 19 - 14. Suppose 0*k = -s*k + 990. What is the highest common divisor of 18 and k?
18
Suppose 0 = 3*r - 17 - 85. What is the highest common divisor of r and 153?
17
Let g(k) = -k**2 + 10*k + 10. Let i be g(8). What is the greatest common divisor of i and 26?
26
Suppose 0 = 5*q - 3*q + 2*s - 30, 3*q + 2*s - 43 = 0. Calculate the highest common divisor of 39 and q.
13
Let k be 2/20*2 - (-596)/20. What is the greatest common factor of 10 and k?
10
Let l = -82 + 145. Calculate the highest common factor of l and 7.
7
Suppose 2*m + 76 = -124. Suppose 4*j - 15 = y + 26, -2*j + 2 = 0. Let x = y - m. What is the greatest common divisor of x and 7?
7
Let g = -8 + 8. Suppose -2*k + 43 + 23 = g. Calculate the greatest common factor of k and 11.
11
Suppose w - 4*v - 32 = 0, v = w - 6*w + 97. Calculate the highest common factor of w and 40.
20
Let z be -2 + (-488)/((-4)/1). Calculate the highest common divisor of z and 80.
40
Let u = 57 + -51. Calculate the greatest common factor of u and 33.
3
Let o(a) = -a**2 - 7*a +